 of 2288351 and 218257.
1339
What is the greatest common factor of 6202 and 194250?
14
Calculate the highest common factor of 7952 and 168750883.
497
Calculate the highest common divisor of 1734 and 12376136.
578
Calculate the highest common factor of 615828 and 29492.
292
What is the highest common factor of 20279457 and 4455?
297
What is the greatest common factor of 57507 and 155643?
87
What is the greatest common factor of 87 and 24266736?
87
Calculate the greatest common divisor of 9541 and 20716237.
1363
Calculate the greatest common factor of 7887840 and 1920.
480
What is the highest common divisor of 18625 and 95125?
125
What is the highest common factor of 2299 and 760727?
121
Calculate the highest common divisor of 3332 and 3621352.
28
What is the highest common factor of 67392 and 1178658?
702
Calculate the greatest common factor of 11955 and 28568465.
3985
What is the greatest common divisor of 16368 and 14271312?
528
Calculate the greatest common factor of 8 and 46900136.
8
What is the greatest common divisor of 8658 and 742482?
234
What is the greatest common divisor of 112276272 and 48?
48
What is the greatest common divisor of 2241891 and 34830?
1161
What is the highest common divisor of 42850056 and 96?
24
Calculate the highest common factor of 1140 and 165662900.
380
Calculate the greatest common factor of 52247158 and 27974.
394
What is the greatest common factor of 607887392 and 14?
14
Calculate the greatest common factor of 261 and 2801719.
29
What is the greatest common divisor of 22224 and 50287356?
5556
Calculate the highest common factor of 22211 and 1638161.
133
What is the greatest common factor of 2596 and 15658412?
44
What is the highest common divisor of 3708 and 10735999?
103
Calculate the highest common factor of 40 and 1306216480.
40
What is the greatest common divisor of 75370385 and 1793?
163
What is the highest common factor of 752 and 47959693?
47
Calculate the highest common divisor of 862424 and 161872.
536
Calculate the greatest common divisor of 197876 and 193214.
518
Calculate the greatest common factor of 176 and 71287952.
16
What is the highest common divisor of 6988 and 182898671?
1747
What is the highest common factor of 1608 and 215088?
24
What is the highest common factor of 231936 and 2336?
32
Calculate the highest common divisor of 27694 and 1588546.
454
Calculate the highest common factor of 82 and 102935174.
82
Calculate the greatest common divisor of 4205 and 38435.
5
What is the greatest common factor of 64 and 360646?
2
Calculate the highest common divisor of 530852 and 140308.
28
Calculate the highest common factor of 8305235 and 645.
215
Calculate the highest common divisor of 29941195 and 7750.
155
Calculate the highest common divisor of 894483 and 1167129.
729
What is the greatest common factor of 162 and 4316139?
27
Calculate the greatest common factor of 18580919 and 259.
259
Calculate the highest common divisor of 364370 and 259010.
4390
What is the highest common factor of 1173 and 72822084?
51
Calculate the greatest common divisor of 22919 and 5678881.
559
Calculate the highest common factor of 84041 and 2144401.
2711
Calculate the highest common factor of 740 and 961075.
185
Calculate the greatest common divisor of 639280 and 24095.
305
Calculate the highest common divisor of 6805882 and 3337.
47
What is the greatest common factor of 6556639 and 1?
1
What is the highest common divisor of 898 and 7110364?
898
What is the highest common factor of 300488 and 244?
4
What is the highest common divisor of 52783133 and 416?
13
Calculate the greatest common factor of 10686398 and 598.
46
Calculate the greatest common factor of 5391830 and 2170.
310
Calculate the highest common factor of 234 and 336644646.
78
What is the greatest common divisor of 432 and 28910304?
432
What is the highest common divisor of 255 and 475190035?
85
What is the highest common factor of 92 and 3197046?
46
What is the greatest common factor of 19898 and 443?
1
What is the greatest common divisor of 42674 and 1233054?
2246
Calculate the highest common divisor of 4922360 and 40.
40
Calculate the greatest common factor of 5978971 and 2489.
131
What is the greatest common factor of 29155989 and 1537?
53
Calculate the highest common divisor of 100 and 1067072.
4
What is the greatest common divisor of 3186323 and 98?
49
What is the highest common divisor of 371 and 4979191?
371
Calculate the greatest common divisor of 1173242623 and 329.
329
What is the greatest common divisor of 625 and 616226250?
625
Calculate the greatest common divisor of 477 and 78608752.
53
Calculate the greatest common divisor of 243120 and 2160.
240
Calculate the highest common divisor of 5632 and 1024353.
11
What is the greatest common factor of 54207 and 2907?
171
Calculate the greatest common factor of 3 and 865171521.
3
What is the greatest common divisor of 36869120 and 285?
95
What is the greatest common factor of 2028 and 5400564?
2028
Calculate the highest common factor of 28 and 8071798.
14
Calculate the highest common factor of 315954692 and 4.
4
Calculate the highest common divisor of 16830944 and 16.
16
What is the greatest common divisor of 26929 and 11753?
7
What is the greatest common factor of 2602543 and 407?
37
Calculate the greatest common factor of 46221935 and 5.
5
What is the greatest common divisor of 13429125 and 54?
27
Calculate the greatest common divisor of 568 and 14383961.
71
Calculate the highest common divisor of 227788 and 126852.
1364
What is the greatest common divisor of 209 and 448899187?
209
What is the greatest common divisor of 192567960 and 29900?
5980
What is the greatest common factor of 40507693 and 29?
29
What is the greatest common factor of 11824 and 672330376?
5912
Calculate the greatest common factor of 9760 and 514535.
305
What is the greatest common divisor of 247742 and 2?
2
What is the greatest common factor of 2896758 and 24840?
414
What is the highest common divisor of 2057 and 337076?
17
Calculate the highest common divisor of 91271252 and 908.
908
What is the greatest common divisor of 55990714 and 338?
338
What is the highest common factor of 3941402 and 620?
62
Calculate the highest common divisor of 24116594 and 671.
61
Calculate the greatest common divisor of 207 and 31728339.
207
Calculate the highest common factor of 11928 and 523861856.
3976
Calculate the highest common divisor of 11875 and 375625.
625
Calculate the highest common divisor of 3464 and 2440388.
1732
What is the highest common factor of 3480 and 104831760?
120
What is the highest common divisor of 34786110 and 2820?
1410
Calculate the greatest common divisor of 527899 and 1271.
31
Calculate the greatest common divisor of 201 and 143958.
3
What is the highest common factor of 118 and 50469957?
59
Calculate the greatest common divisor of 30597113 and 74.
37
Calculate the highest common factor of 2332915 and 17001.
1889
What is the highest common divisor of 1149494 and 69?
23
Calculate the greatest common divisor of 463210 and 500.
10
What is the greatest common divisor of 1334496 and 5088?
96
Calculate the highest common divisor of 6975865 and 117.
13
What is the greatest common factor of 42735 and 1782?
33
Calculate the highest common divisor of 100625 and 413609.
161
What is the greatest common factor of 1704451 and 531?
59
Calculate the greatest common factor of 233974 and 156.
26
What is the highest common factor of 114258647 and 1186?
593
What is the highest common divisor of 213669877 and 4579?
4579
Calculate the highest common divisor of 59382 and 36437455.
3299
What is the greatest common factor of 168896 and 3818633?
2639
Calculate the highest common divisor of 55 and 21108901.
11
Calculate the highest common factor of 275220270 and 1170.
1170
What is the highest common factor of 1752236 and 618?
206
Calculate the greatest common divisor of 16750 and 1296725.
25
What is the greatest common divisor of 1765990 and 20?
10
What is the highest common divisor of 1959 and 15912957?
1959
Calculate the highest common divisor of 422302 and 50.
2
What is the highest common divisor of 2213709 and 3055485?
4047
Calculate the greatest common factor of 7986 and 90086436.
726
Calculate the highest common divisor of 199970